71/(-2))/((-5)/10) a prime number?
True
Suppose -30*l + 30729 = -27*l. Is l prime?
True
Suppose -7*q = -3*q + 92. Let y = q - -166. Is y prime?
False
Let m be 14/((-1)/5 + (-77)/(-35)). Let y(u) = -u**2 + 11*u + 3. Is y(m) a prime number?
True
Suppose 3*o + 2723637 = 72*o. Is o a prime number?
False
Let p be (-8575)/5 - -1 - -3. Let k = -1140 - p. Is k a composite number?
False
Let w(x) = -21*x**2 + 1. Let l be w(-1). Is (-1342)/(-6) + l/30 composite?
False
Let q(c) = -c**3 - 8*c**2 + c. Let a be q(-8). Let h = 105 + a. Is (0 - 1)*(0 - h) prime?
True
Suppose -3*h = -9, 0 = -n - n + h - 31. Let f = n + 17. Suppose -3*z - 6*b + b = -3654, 0 = -f*z + 5*b + 3624. Is z a prime number?
True
Suppose h + 2*h = -5*t + 32, h = t. Let q(b) = 7 - h - 4*b - 43*b. Is q(-4) prime?
True
Let o = 11770 - -40951. Is o a prime number?
True
Let s(z) = -15*z**3 + 2*z + 1. Let m(t) = -t**2 - 3*t + 3. Let c be m(-3). Let u = -4 + c. Is s(u) a composite number?
True
Suppose -37 = l - 5*y, 5*l + 0*y + 2*y + 185 = 0. Let d = 33 + l. Let o(n) = 6*n**2 - 8*n - 1. Is o(d) a composite number?
False
Let s = -28 + 30. Suppose -o = -5*g + 13, 6*o - o - 43 = -s*g. Suppose 505 = -o*q + 4446. Is q composite?
False
Suppose -2*c + 1914 = -6664. Is c a prime number?
True
Is (4 - 6)*(-7)/(14/1923) composite?
True
Suppose -4*q - 4 = -6*q. Suppose 455 = 2*o - 3*x, -5*x = -q*o + 746 - 285. Is o prime?
True
Suppose -z + 14066 = 8*f - 3*f, 3*f + 28093 = 2*z. Is z a prime number?
True
Let z(q) = 37*q - 41. Is z(10) a composite number?
True
Let z be (84/30)/(1/5) - -3. Suppose -z*c - 82 = -18*c. Is c prime?
False
Let v = 4 - 1. Suppose 2*p = -4*l + 3586, 2*l + v*p - 1778 = -p. Is l prime?
False
Let s = -1566 - -25925. Is s prime?
True
Suppose 0 = -r + 4*r. Suppose 0 = 5*b + 15 - 25. Suppose -3*c - h - h = -91, r = -2*h - b. Is c composite?
False
Suppose 2*v - 669 = -a, -2*v = -4*a + 2151 + 565. Is a composite?
False
Let m(f) = 1259*f + 1. Let z be m(-2). Let u = z - -3668. Is u prime?
True
Let w(t) = t**3 - 12*t**2 + 10*t + 8. Let v be w(11). Let n be (3 + v - 1) + 5. Suppose -2*y + 868 = n*x + 2*y, 2*y = 4. Is x a prime number?
False
Let j(q) = -40*q + 2. Let k(h) = h**2 - 8*h + 10. Let p be k(4). Let a be j(p). Is a + 0 + -1 + -2 composite?
False
Suppose -5*x = 3*x. Is (x - 3)*14226/(-18) prime?
True
Suppose 64 = 5*g + 934. Let l = g - -318. Let u = 5 + l. Is u composite?
False
Let x(m) = 41*m**2 + m + 7. Let k be x(-3). Suppose -5*l + 0*l - k = 2*t, -l = 5*t + 93. Is 4/8 - l/2 a composite number?
False
Suppose 26*b = 101479 + 82107. Is b a prime number?
False
Let r(z) = z**3 + 31*z**2 - 32*z - 35. Let f be r(-24). Suppose 5*t - 3900 = f. Is t a composite number?
False
Let v be (2/3)/((-5)/(-180)). Let a = -57 + v. Let d = -30 - a. Is d a prime number?
True
Let g = -112 + 310. Let a = 35 + g. Is a composite?
False
Let b(r) = -42*r**3 - 6*r**2 - 11*r - 102. Is b(-7) prime?
True
Let z be (12 - 3) + -2*2. Suppose -2*w + 5*w = -5*j - 1049, -z*j = 2*w + 1051. Let d = j + 322. Is d a composite number?
True
Let o(l) = -6528*l - 127. Is o(-2) a prime number?
False
Suppose -31835 = 1506*i - 1507*i. Is i a prime number?
False
Let k(c) = -288*c + 19. Is k(-4) composite?
False
Suppose 60*h - 63*h - 3426 = 0. Let y = h + 3193. Is y a prime number?
False
Suppose -113 = 2*b + 343. Suppose 16*p = 18*p + 302. Let f = p - b. Is f a composite number?
True
Let x(c) = 24*c + 20. Let f be x(11). Suppose 5*t + 281 = 5*k + 1, 5*k - f = 4*t. Suppose -k = l - 283. Is l composite?
False
Let n be (-11)/(-33) - (-17)/3. Suppose -4 = n*l - 34. Let k = l - -84. Is k composite?
False
Let y(v) = -265*v**2 - 2*v + 1. Let a be y(1). Let t = a + 449. Is t a composite number?
True
Let t = 5339 + 854. Is t a prime number?
False
Let i(q) = -11 + q**3 + 8 + 2 + 26*q**2 + 14*q. Is i(-12) composite?
False
Suppose -28*p + 24 = -32*p. Let i be (-20)/(-6)*p/(-5). Suppose i*k + 2*k = 678. Is k a composite number?
False
Suppose -5*h - 15 = 0, -3*v - 88 = -4*v - 2*h. Suppose -b = b - v. Is b composite?
False
Let w(g) = -g - 12. Let u(y) = y + 1. Let h(z) = -2*u(z) - w(z). Let f be h(6). Suppose -3*k + 430 = 5*c, -5*c = -f*k - 4*c + 581. Is k a composite number?
True
Let j = -621 + 4134. Is j a composite number?
True
Let j be (0 + 1)/(1/5). Suppose -463 = -j*o + 352. Is o a prime number?
True
Let z(p) = -147*p**2 - 8*p + 10. Let d be z(6). Let k = -2515 - d. Is k prime?
False
Let k(m) = 3*m**2 + 7*m + 11987. Is k(0) prime?
True
Let r(d) = d - 3. Let j be r(8). Is ((-178)/(-10))/(1/j) prime?
True
Let y(t) = 12*t**3 + 2*t**2 + 3*t - 3. Let r = -1 + -6. Let q = 11 + r. Is y(q) composite?
False
Let b be 8 + -4 - (1 - 1). Suppose 2*t + b*l + 13781 = 7*t, 4*l = t - 2753. Is t prime?
False
Let a = 183 - 118. Suppose 5*x - 5*y - 3295 = -a, 5*y = -x + 652. Is x composite?
False
Suppose -4*r = -2*g + 5784, -g + 7228 = -5*r + g. Suppose -2*q - 1890 = 4*m, q = -3*m - 200 - 744. Let y = q - r. Is y composite?
True
Suppose 8*f - 25 + 1 = 0. Suppose 2*h - 9 - 1 = 0. Suppose -f*i - 3*y = -666, -2*i - i - h*y + 664 = 0. Is i a composite number?
False
Let x = -5 - -2. Let v(s) = s**2 + 5*s + 4. Let n be v(x). Is 0/n + (-339)/(-1) a prime number?
False
Suppose -20728 = -u + 21589. Is u a composite number?
True
Let w be 2/(1 + (-33)/39). Suppose 11*g = w*g - 1126. Is g composite?
False
Let n = -39 - -37. Is -1 - (33*n)/1 composite?
True
Let h be 83/(-3) - 2/6. Let t = h - -54. Is (-16)/104 + 1434/t a composite number?
True
Suppose 0*m = -3*m. Let n be (-1)/4*2*m. Suppose 4*p - 6*b + 2*b = 768, n = -2*p - 4*b + 378. Is p a prime number?
True
Let k(f) = -75*f + 12. Is k(-15) a prime number?
False
Let i(x) = x - 1. Let o be i(1). Let l be 4/(-12)*-6 + o. Suppose 228 = l*v - 54. Is v composite?
True
Let k be 0 - (-538 + 1 + -4). Suppose 3*r - 2*r = k. Is r a prime number?
True
Suppose -2*b = -8, -2*b + 512 = 2*n - b. Let g(d) = -3*d**2 - 2. Let l be g(5). Let o = n + l. Is o a prime number?
False
Let v = 39263 + -5542. Is v a prime number?
True
Let f be (-42)/(-30) + (-4)/10. Let g be 8 + (f - 1) - 3. Suppose 2*z - 280 = 7*s - 2*s, g*z - 3*s - 719 = 0. Is z a prime number?
False
Let k(z) be the first derivative of -26*z**2 + 6*z - 4. Is k(-8) prime?
False
Let h(t) = -t**3 - 21*t**2 - 17*t + 184. Is h(-33) composite?
True
Suppose -17*k + 21477 = -62792. Is k a prime number?
True
Is 0 - (-1093 + -4 + 3)*1 prime?
False
Suppose 3*d - 144 = -d. Suppose d = -p + 169. Is p prime?
False
Let a = 20535 + 5546. Is a a composite number?
True
Let j(m) be the third derivative of m**6/120 + m**5/12 - m**4/3 - 4*m**3/3 + 5*m**2. Let r be j(-6). Is 19/(r + (-3 - 0)) a composite number?
False
Let a be -41 - (-9 + 1)/(-4). Let v = a + 292. Let h = v - 14. Is h prime?
False
Suppose -5*s - 3*h = 77 - 30, 0 = -4*s - 2*h - 36. Let o(r) = -4*r + 2*r + 5*r**2 - 3 + 2 - 5. Is o(s) composite?
True
Is (28108/(-14))/(-12 + (-1148)/(-98)) composite?
False
Suppose 0 = i + 2 - 6. Suppose p - 79 = i*x, 0*x - 25 = 5*x. Is p prime?
True
Let r(y) = -5*y**3 - 15*y**2 - 20*y + 41. Is r(-8) a prime number?
True
Suppose -f + 0*f + 4*p + 276 = 0, 543 = 2*f + p. Let n = f - 160. Let t = 411 - n. Is t a prime number?
False
Let w(s) = 5*s**2 - 6*s + 5. Let a(d) = -4*d**2 + 7*d - 6. Let j(l) = 2*a(l) + 3*w(l). Is j(-4) composite?
False
Let b(f) = 3890*f + 17. Is b(1) prime?
True
Let l = 148 - 143. Suppose 1652 = 4*v + y, 7*v - l*y = 2*v + 2065. Is v composite?
True
Let q = 41504 + -25193. Is q composite?
True
Let r be ((-3)/9)/(5/45). Is r/(-5) + (-2413)/(-95) composite?
True
Let j be -4 - (1 - 4/(-2)). Let c = j + 10. Is 769/c - (-16)/24 a composite number?
False
Let z(v) = -v**3 - 12*v**2 + 18*v - 10. Let r be z(-13). Suppose -304 + 84 = -5*u - 5*s, -2*s - 8 = 0. Let h = u - r. Is h a prime number?
False
Suppose -3*j - 2277 = -4*s - 505, -3*s + 1329 = -4*j. Suppose s - 3608 = -15*c. Is c composite?
False
Let h(t) = t**2 - 10*t + 1. Let l be h(7). Let j be 1/(2 + l/12). Suppose -j*s - 5*o + 56 + 320 = 0, 631 = 5*s + 4*o. Is s prime?
True
Is ((-19466)/4)/(5/(-10)) composite?
False
Suppose 3*y + y - 3*d = 32, 4*d - 16 = 0. Suppose 5*l = 4*t - 1219, -4*t + 1200 = 5*l + y. Is t a composite number?
True
Let o(l) = 20*l**2 - 70*l - 57. Is o(-11) a prime number?
False
Let y(x) = -5*x - 4. Let q be y(-7). 